{"id":10,"date":"2019-10-31T12:33:56","date_gmt":"2019-10-31T11:33:56","guid":{"rendered":"http:\/\/airvent-klima.pl\/?page_id=10"},"modified":"2020-10-22T22:44:49","modified_gmt":"2020-10-22T20:44:49","slug":"contact","status":"publish","type":"page","link":"https:\/\/airvent-klima.pl\/?page_id=10","title":{"rendered":"kontakt"},"content":{"rendered":"\n<p class=\"has-text-align-center has-medium-font-size\">Jeste\u015b zainteresowany? Zadzwo\u0144 lub napisz &#8211; wykonamy darmow\u0105 wycen\u0119.  <\/p>\n\n\n\n<p class=\"has-text-align-center has-text-color has-medium-font-size\" style=\"color:#080888\"><strong>Spotkajmy si\u0119 i porozmawiajmy o mo\u017cliwo\u015bciach.<\/strong><\/p>\n\n\n\n<div class=\"wp-block-image\"><figure class=\"aligncenter size-large\"><a href=\"https:\/\/airvent-klima.pl\/?page_id=478(opens%20in%20a%20new%20tab\"><img loading=\"lazy\" decoding=\"async\" width=\"135\" height=\"135\" src=\"https:\/\/airvent-klima.pl\/wp-content\/uploads\/2020\/10\/koperta4.jpg\" alt=\"\" class=\"wp-image-488\"\/><\/a><\/figure><\/div>\n\n\n\n<p><\/p>\n","protected":false},"excerpt":{"rendered":"<p>Jeste\u015b zainteresowany? Zadzwo\u0144 lub napisz &#8211; wykonamy darmow\u0105 wycen\u0119. Spotkajmy si\u0119 i porozmawiajmy o mo\u017cliwo\u015bciach.<\/p>\n","protected":false},"author":1,"featured_media":0,"parent":0,"menu_order":0,"comment_status":"closed","ping_status":"closed","template":"","meta":{"ngg_post_thumbnail":0,"footnotes":""},"class_list":["post-10","page","type-page","status-publish","hentry"],"_links":{"self":[{"href":"https:\/\/airvent-klima.pl\/index.php?rest_route=\/wp\/v2\/pages\/10","targetHints":{"allow":["GET"]}}],"collection":[{"href":"https:\/\/airvent-klima.pl\/index.php?rest_route=\/wp\/v2\/pages"}],"about":[{"href":"https:\/\/airvent-klima.pl\/index.php?rest_route=\/wp\/v2\/types\/page"}],"author":[{"embeddable":true,"href":"https:\/\/airvent-klima.pl\/index.php?rest_route=\/wp\/v2\/users\/1"}],"replies":[{"embeddable":true,"href":"https:\/\/airvent-klima.pl\/index.php?rest_route=%2Fwp%2Fv2%2Fcomments&post=10"}],"version-history":[{"count":5,"href":"https:\/\/airvent-klima.pl\/index.php?rest_route=\/wp\/v2\/pages\/10\/revisions"}],"predecessor-version":[{"id":489,"href":"https:\/\/airvent-klima.pl\/index.php?rest_route=\/wp\/v2\/pages\/10\/revisions\/489"}],"wp:attachment":[{"href":"https:\/\/airvent-klima.pl\/index.php?rest_route=%2Fwp%2Fv2%2Fmedia&parent=10"}],"curies":[{"name":"wp","href":"https:\/\/api.w.org\/{rel}","templated":true}]}}