{"id":454,"date":"2020-10-20T15:15:14","date_gmt":"2020-10-20T13:15:14","guid":{"rendered":"http:\/\/airvent-klima.pl\/?page_id=454"},"modified":"2020-11-05T14:04:31","modified_gmt":"2020-11-05T13:04:31","slug":"certyfikaty","status":"publish","type":"page","link":"https:\/\/airvent-klima.pl\/?page_id=454","title":{"rendered":"Certyfikaty"},"content":{"rendered":"\n<p>Wsp\u00f3\u0142pracujemy z wiod\u0105cymi producentami sprz\u0119tu klimatyzacyjnego na rynku. Montujemy klimatyzatory wi\u0119kszo\u015bci firm dost\u0119pnych w sprzeda\u017cy. Jeste\u015bmy autoryzowanym punktem sprzeda\u017cy<br>i serwisowym (gwarancyjnym i podgwarancyjnym) marki Haier, Kaisai, Mitsubishi, Sinclair, Rotenso<br>i Midea. Zajmujemy si\u0119 tak\u017ce monta\u017cem wentylacji mechanicznej z rekuperacj\u0105 &#8211; pracujemy g\u0142\u00f3wnie na produktach polskich firm Bartosz i Karino, jednak\u017ce mo\u017cemy zaproponowa\u0107 r\u00f3wnie\u017c rozwi\u0105zania innych producent\u00f3w.<\/p>\n\n\n\nngg_shortcode_0_placeholder\n","protected":false},"excerpt":{"rendered":"<p>Wsp\u00f3\u0142pracujemy z wiod\u0105cymi producentami sprz\u0119tu klimatyzacyjnego na rynku. Montujemy klimatyzatory wi\u0119kszo\u015bci firm dost\u0119pnych w sprzeda\u017cy. Jeste\u015bmy autoryzowanym punktem sprzeda\u017cyi serwisowym (gwarancyjnym i podgwarancyjnym) marki Haier, Kaisai, Mitsubishi, Sinclair, Rotensoi Midea. Zajmujemy si\u0119 tak\u017ce monta\u017cem wentylacji mechanicznej z rekuperacj\u0105 &#8211; pracujemy g\u0142\u00f3wnie na produktach polskich firm Bartosz i Karino, jednak\u017ce mo\u017cemy zaproponowa\u0107 r\u00f3wnie\u017c rozwi\u0105zania innych producent\u00f3w.<\/p>\n","protected":false},"author":1,"featured_media":0,"parent":0,"menu_order":0,"comment_status":"closed","ping_status":"closed","template":"","meta":{"ngg_post_thumbnail":0,"footnotes":""},"class_list":["post-454","page","type-page","status-publish","hentry"],"_links":{"self":[{"href":"https:\/\/airvent-klima.pl\/index.php?rest_route=\/wp\/v2\/pages\/454","targetHints":{"allow":["GET"]}}],"collection":[{"href":"https:\/\/airvent-klima.pl\/index.php?rest_route=\/wp\/v2\/pages"}],"about":[{"href":"https:\/\/airvent-klima.pl\/index.php?rest_route=\/wp\/v2\/types\/page"}],"author":[{"embeddable":true,"href":"https:\/\/airvent-klima.pl\/index.php?rest_route=\/wp\/v2\/users\/1"}],"replies":[{"embeddable":true,"href":"https:\/\/airvent-klima.pl\/index.php?rest_route=%2Fwp%2Fv2%2Fcomments&post=454"}],"version-history":[{"count":7,"href":"https:\/\/airvent-klima.pl\/index.php?rest_route=\/wp\/v2\/pages\/454\/revisions"}],"predecessor-version":[{"id":502,"href":"https:\/\/airvent-klima.pl\/index.php?rest_route=\/wp\/v2\/pages\/454\/revisions\/502"}],"wp:attachment":[{"href":"https:\/\/airvent-klima.pl\/index.php?rest_route=%2Fwp%2Fv2%2Fmedia&parent=454"}],"curies":[{"name":"wp","href":"https:\/\/api.w.org\/{rel}","templated":true}]}}